e
Is 77 a factor of 57951671?
False
Is 269 a factor of 21132909?
True
Is 598 a factor of 139125104?
False
Is 10 a factor of 14037400?
True
Is 1205 a factor of 41003091?
False
Is 3371 a factor of 546526746?
True
Is 55441620 a multiple of 7?
False
Does 6 divide 432718?
False
Does 37 divide 12288329?
True
Is 1872 a factor of 402764544?
True
Is 51 a factor of 1990772?
False
Is 126 a factor of 326804165?
False
Does 505 divide 143042765?
True
Does 114 divide 94096434?
False
Is 135 a factor of 244768095?
True
Is 16167921 a multiple of 30?
False
Is 730639212 a multiple of 12?
True
Is 3 a factor of 8877770?
False
Is 185 a factor of 3644130?
True
Does 660 divide 413786572?
False
Is 28 a factor of 1395412638?
False
Is 61884272 a multiple of 12?
False
Is 246 a factor of 3410565894?
True
Does 879 divide 373785081?
True
Is 2818 a factor of 417469405?
False
Is 13 a factor of 67033047?
False
Is 26 a factor of 13725036?
True
Is 2852974 a multiple of 14?
False
Is 1000876932 a multiple of 33?
True
Does 111 divide 5811044209?
False
Does 553 divide 175430015?
False
Is 78558098 a multiple of 1858?
True
Does 4 divide 15294356?
True
Is 3913 a factor of 771799109?
False
Is 81 a factor of 253732662?
True
Does 391 divide 217005729?
False
Does 73 divide 411131985?
True
Is 2951307 a multiple of 78?
False
Is 10661420 a multiple of 20?
True
Is 2335 a factor of 474058491?
False
Does 15 divide 367935525?
True
Does 61 divide 1564297?
False
Does 6 divide 1151472?
True
Is 584496808 a multiple of 1657?
True
Is 2344153934 a multiple of 23?
False
Is 50080994 a multiple of 5538?
False
Does 620 divide 1379141640?
True
Does 356 divide 39032552?
True
Is 229987318 a multiple of 1243?
True
Is 365 a factor of 24910515?
False
Does 91 divide 689151554?
True
Is 9 a factor of 288385605?
True
Is 493805025 a multiple of 21?
True
Is 6 a factor of 2425234?
False
Is 274 a factor of 347086486?
True
Is 45 a factor of 1183211685?
True
Is 1657441125 a multiple of 203?
False
Is 7 a factor of 73280258?
False
Is 1000 a factor of 373065000?
True
Is 114213418 a multiple of 769?
True
Is 11 a factor of 89611911?
False
Is 13387968 a multiple of 34?
False
Does 1665 divide 844136685?
True
Does 1390 divide 4556689960?
False
Does 47 divide 253131159?
False
Is 321702559 a multiple of 179?
True
Does 1320 divide 35896080?
True
Is 1856734 even?
True
Is 6 a factor of 27862119?
False
Is 240232542 a multiple of 627?
True
Is 29936785 a multiple of 7?
False
Does 2096 divide 526846368?
True
Does 22 divide 17094550?
True
Is 292606584 a multiple of 68?
True
Is 17652016 a multiple of 16?
True
Is 1296 a factor of 639412704?
True
Does 24 divide 5704392?
True
Does 157 divide 819923952?
False
Is 13 a factor of 75768719?
True
Is 580 a factor of 947350661?
False
Is 499478264 a multiple of 106?
False
Does 226 divide 72438876?
True
Does 109 divide 4178465797?
False
Is 24077073 a multiple of 2465?
False
Is 11 a factor of 59291303?
False
Does 35 divide 10742130?
True
Is 117295790 a multiple of 167?
True
Does 203 divide 41914222?
True
Is 43266622 a multiple of 14?
True
Is 827 a factor of 240078100?
True
Does 419 divide 1062886099?
True
Is 273451190 a multiple of 12?
False
Does 21 divide 102277473?
False
Does 23 divide 1478370920?
False
Does 2236 divide 1084979335?
False
Is 317774700 a multiple of 10?
True
Is 52 a factor of 3442608?
True
Is 8 a factor of 714709736?
True
Does 16 divide 21237392?
True
Is 13 a factor of 149410078?
False
Is 4 a factor of 2529951205?
False
Does 628 divide 23748514?
False
Does 13 divide 129737309?
True
Does 1380 divide 574420860?
True
Is 82 a factor of 256072207?
False
Is 1258370865 a multiple of 45?
True
Does 1320 divide 2569774680?
True
Is 704214960 a multiple of 19?
False
Is 143437509 a multiple of 1345?
False
Is 1704 a factor of 11497199?
False
Is 143 a factor of 35257937?
True
Does 110 divide 8214755?
False
Is 452641870 a multiple of 5905?
True
Is 304 a factor of 114496639?
False
Is 321 a factor of 45668670?
True
Is 32 a factor of 64760832?
True
Is 2226650100 a multiple of 150?
True
Is 63 a factor of 322322679?
True
Is 36 a factor of 1556996616?
True
Is 103876731 a multiple of 63?
True
Is 110050527 a multiple of 589?
True
Does 358 divide 1484327428?
True
Is 479408485 a multiple of 6?
False
Is 20 a factor of 40751780?
True
Does 691 divide 36431676?
False
Is 4 a factor of 20612711?
False
Is 75 a factor of 919509834?
False
Does 1535 divide 448889260?
True
Does 573 divide 3246618?
True
Is 9248868 a multiple of 415?
False
Does 3 divide 572961?
True
Does 24 divide 18892032?
True
Is 1431 a factor of 95224079?
False
Is 1182291 a multiple of 56?
False
Does 58 divide 199418964?
True
Is 499723840 a multiple of 224?
True
Does 21 divide 180274185?
True
Is 58 a factor of 578700093?
False
Does 228 divide 1761850777?
False
Is 2306292638 a multiple of 13?
True
Is 10422150 a multiple of 25?
True
Is 57000325 a multiple of 48?
False
Is 232809721 a multiple of 1596?
False
Does 219 divide 609494249?
False
Does 14 divide 10058496?
True
Is 108 a factor of 785518560?
True
Does 452 divide 23012224?
True
Does 4312 divide 1082041238?
False
Does 250 divide 3837189?
False
Is 81 a factor of 225599165?
False
Does 93 divide 188953074?
False
Is 6445 a factor of 306898010?
True
Is 89390383 a multiple of 1007?
True
Does 270 divide 2201780?
False
Is 1985940670 a multiple of 7816?
False
Is 4900968 a multiple of 86?
True
Is 18609360 a multiple of 532?
True
Is 1775 a factor of 20566455?
False
Is 70521642 a multiple of 12?
False
Is 1519680151 a multiple of 14?
False
Is 44 a factor of 186159810?
False
Is 12 a factor of 11105406?
False
Is 161002853 a multiple of 3?
False
Is 3026 a factor of 224878382?
False
Does 884 divide 70399992?
True
Is 45 a factor of 572351625?
True
Is 747273807 a multiple of 2289?
True
Is 35362270 a multiple of 18?
False
Does 92 divide 1133312396?
True
Is 27373343 a multiple of 83?
False
Is 575 a factor of 256171728?
False
Does 11 divide 423428994?
False
Does 90 divide 2762996?
False
Is 6 a factor of 44346019?
False
Is 2593059249 a multiple of 51?
True
Is 87392810 a multiple of 1268?
False
Does 89 divide 5953922?
True
Is 499 a factor of 220886807?
False
Is 67 a factor of 265944846?
False
Is 6 a factor of 82511352?
True
Is 1223922088 a multiple of 7?
False
Does 180 divide 53829425?
False
Does 236 divide 25302976?
True
Is 14195 a factor of 5228524660?
False
Is 4 a factor of 170542576?
True
Is 139 a factor of 5017889?
False
Does 53 divide 192458122?
False
Does 435 divide 36301485?
False
Is 471274879 a multiple of 223?
False
Is 711 a factor of 48457138?
False
Is 235142665 even?
False
Does 1598 divide 1569258372?
True
Is 1016755200 a multiple of 1350?
True
Is 270 a factor of 205050150?
True
Is 7295600 a multiple of 383?
False
Does 3 divide 13178512?
False
Is 15 a factor of 12991114?
False
Is 15 a factor of 247876590?
True
Is 1882127182 a multiple of 22?
False
Is 497 a factor of 139667934?
True
Does 743 divide 43624519?
False
Is 250507672 a multiple of 313?
True
Is 319200510 a multiple of 630?
False
Does 7 divide 3013304?
True
Is 166265157 a multiple of 167?
False
Does 156 divide 78951132?
True
Does 164 divide 1753831755?
False
Does 392 divide 16830520?
True
Is 269585623 a multiple of 442?
False
Is 29384199 a multiple of 169?
True
Is 398640010 a multiple of 917?
False
Is 62 a factor of 2928003?
False
Does 48 divide 120454644?
False
Is 227857823 a multiple of 1228?
False
Does 115 divide 611059860?
True
Is 118 a factor of 26818049?
False
Does 160 divide 103221920?
True
Is 9926875 a multiple of 1224?
False
Is 358435849 a multiple of 624?
False
Is 2267 a factor of 2151383?
True
Is 2 a factor of 119603663?
False
Does 14 divide 938266?
True
Is 27150326 a multiple of 14?
True
Does 96 divide 2238139577?
False
Does 2 divide 1154015?
False
Is 23325428 a multiple of 319?
False
Is 47 a factor of 87800146?
False
Is 26 a factor of 1037792366?
True
Does 83 divide 23168205?
True
Is 13472143 a multiple of 17?
True
Is 430 a factor of 776188270?
True
Is 72629172 a multiple of 931?
True
Is 248978048 a multiple of 128?
True
Does 43 divide 6703484?
False
Is 11 a factor of 60378945?
True
Is 339463145 a multiple of 30?
False
Is 41 a factor of 4227657814?
False
Is 74650692 a multiple of 103?
True
Is 578644080 a multiple of 1681?
False
Does 1083 divid